 be a(-8). Let c(b) = -l*b**3 + b**3 + 3*b - 4*b**2 - 6*b. What is the units digit of c(-2)?
6
Let r be 6*(-2 - (-4)/6). Let n(m) = 7*m**2 + m + 4. Let q be n(-3). What is the tens digit of (54/r)/((-24)/q)?
1
Let h = -32 - -61. What is the units digit of h?
9
What is the tens digit of (-6)/24 - 1492/(-16)?
9
Let s be -4 - ((-2)/(-2) + -3). Let v(a) = a + 1. Let q be v(s). What is the units digit of 3 + (q - 0 - -2)?
4
Suppose -5*n + 4*j = 3*j - 117, 2*j = 6. What is the tens digit of n?
2
Let r(a) be the first derivative of a**4/4 - 2*a**3/3 - 3*a**2/2 + 2*a + 3. Let h be r(3). Suppose 3*o - 17 = 4*f, 1 = -f + h. What is the units digit of o?
7
Suppose 0 = -13*i + 11*i + 126. What is the tens digit of i?
6
Let u(f) be the first derivative of -1/3*f**3 + 2 - 3*f**2 + f. What is the units digit of u(-5)?
6
Let i be (-4 - -3)/(1/(-4)). Let h(f) = 7*f - 4. Let l be h(i). Let u = l - 12. What is the units digit of u?
2
Suppose 2*o + q = o + 186, -o + 3*q + 186 = 0. What is the units digit of o?
6
Suppose -3*d + 3 = -2*d. Suppose 0 = d*h + h - 16. Suppose -5*r = -h*s + 43, -s + 1 = 3*r + 3. What is the units digit of s?
7
Let q(l) = -l - 1. Let f(m) = -m**3 + 10*m**2 - 11*m + 13. Let x be f(9). What is the units digit of q(x)?
4
Let p = -5 + 8. Let f = 4 - p. Suppose 8 = 3*o - f. What is the units digit of o?
3
Suppose 81 = 3*f + 4*k + 6, -k = 4*f - 113. What is the units digit of f?
9
Suppose 0 = -3*x + 127 + 5. What is the units digit of x?
4
Let o be 4*(4/(-8) + 1). Suppose -o*u = q - 21, -27 = 3*q + 4*u - 84. What is the units digit of q?
5
Let f = 8 - 4. Suppose -8 = -3*k + 3*l + 4, 2*k + f*l - 8 = 0. Suppose k*z - 17 = -5*x + z, 18 = -2*x + 5*z. What is the units digit of x?
1
Let h be (-924)/(-35) + 4/(-10). Let d = h + -20. What is the units digit of d?
6
What is the tens digit of ((-682)/(-33))/((-4)/(-6))?
3
Suppose 6*g = -3*g + 333. What is the tens digit of g?
3
Let v = -18 + 10. Let r = 13 + v. What is the units digit of r?
5
Let p(b) = -b - 2. Let r be p(-9). Suppose r*a - 4*a = 12, 0 = 2*j - 2*a - 16. What is the units digit of j?
2
Let y = -389 - -744. What is the tens digit of y?
5
Let m = 1 - 0. Let x = m - -4. Suppose -x*n - 5 + 60 = 0. What is the tens digit of n?
1
What is the hundreds digit of -10*2/(-5) - -147?
1
Let r = -4 + 3. What is the units digit of 11*1 + -2 + r?
8
Let a = -26 - -67. What is the units digit of a?
1
Let s(z) = 8*z - 1. Let v be s(1). Let j(q) = q**2 - 5*q + 9. What is the units digit of j(v)?
3
Let i be -3 + (5 - -1) + -5. What is the units digit of (-5 - i)*4/(-6)?
2
Let w(r) = -r**2 - 5*r + 8. Let h be w(-6). Let s be (h + -3)*(-1 + 1). Suppose 55 = 4*u - 3*f, u + 2*f = -s*f + 22. What is the units digit of u?
6
Suppose 2*f + 6 = -f, -2*b + 250 = -5*f. Suppose -d = 4*d - b. What is the tens digit of d?
2
Let o(a) = a + 9. Let b be o(-7). Suppose 0 = -u + b + 1, 0 = v + u - 3. Let c(s) = -s**3 - s**2 + 10. What is the units digit of c(v)?
0
Let q be (-10)/(-4)*(-4)/(-10). Suppose 3*n - q = 4*h, -5*h - 2*n + 0*n = -16. What is the units digit of h?
2
Let f be 3 + (-6 - -3 - 0). Suppose k = -p + 5, 2*k + 26 = -f*p + 2*p. What is the units digit of p?
9
Suppose 3*o = 5*s - 15 - 54, 4*s = -2*o + 42. Suppose 5*j - j + s = 0, d = -3*j. What is the units digit of d?
9
Let p = 2 - 2. Suppose l - 11 = -p*l. What is the units digit of l?
1
Let b = 248 - 89. What is the units digit of b?
9
Suppose 3*p - 132 = 4*a + 37, -12 = -4*p. Let i be (4/(-10))/(16/a). Suppose -4*s + 5*s = i. What is the units digit of s?
1
Let i be (0/(-1))/((-2)/(-1)). Suppose 2*f + 8 = 0, -4*v - 5*f - 7 = -47. Suppose i = 3*x - v - 6. What is the units digit of x?
7
What is the units digit of 0 + 17 + 2 + 0/11?
9
Suppose 2*j + 0*j = -6, -69 = -3*n + 4*j. What is the tens digit of n?
1
Suppose 4*u - 18 = 42. Suppose -5*o + 10*o = u. What is the units digit of o?
3
What is the units digit of (3/5)/((-36)/(-120))?
2
Suppose w = f + 2, -4*f = 4*w - 3*f - 18. Let z(k) = 5*k - 6. What is the tens digit of z(w)?
1
Suppose 0 = 5*o + q - 453, 3*o - 276 = -0*q - 2*q. What is the tens digit of o?
9
Suppose -3*q + 14 = -61. What is the tens digit of q?
2
Suppose 5*y - 264 = -2*f, 5*f - y = -6*y + 645. What is the hundreds digit of f?
1
Let n = 1 - -3. Suppose y - 2*h = h + 17, n*y = 3*h + 23. What is the units digit of y?
2
Let d be (-19)/(-4) + (-18)/24. Let c = 12 - d. What is the units digit of c?
8
Suppose -2*x + 2*n + 24 = 0, -12 = -2*x + 5*n + 12. What is the tens digit of x?
1
Let k(c) = 1. Let w(a) = -4*a - 18. Let v(m) = 10*k(m) + w(m). What is the tens digit of v(-6)?
1
Let g = -26 - -104. What is the tens digit of g?
7
Suppose -9*h - 33 = -159. What is the tens digit of h?
1
Let m = -40 - -61. What is the units digit of m?
1
Let n(x) = -7*x**2 + x**3 + 0*x**3 + 3 + 2*x + 2*x**2 - 9. What is the units digit of n(5)?
4
Suppose 24 = k + 2*k. Let d be 81/15 - 4/10. Suppose -5*o = 3*z + 17, -d*z - 5*o - 7 = k. What is the units digit of z?
1
Suppose -4*l = -5*l + 1. Let a = 3 - l. Suppose 0 = -2*t - 4*b + 16, -5*t + a*t - 3*b + 21 = 0. What is the units digit of t?
6
Let b = 0 + 2. Suppose b*d + 18 = -3*l, 2*l - 5*d = -4*d - 12. What is the units digit of ((-8)/(-3))/(l/(-18))?
8
Let i(m) = -m**2 + 9*m - 1. Let k be i(8). Let r(b) = -b**3 + 8*b**2 - 8*b + 8. What is the units digit of r(k)?
1
Let c(d) = -d**3 + 7*d**2 - 5*d - 4. Let i be c(6). Suppose 2*r - 15 = -5*f + 140, -i*f + 83 = 5*r. What is the tens digit of f?
2
Suppose 7 + 59 = 3*c. What is the tens digit of c?
2
Suppose -4*v - 2*h = -20, 2*v - 3*h - 10 = h. Suppose -v*t + 1 = -14. Suppose -3*a - t*b = -6*a + 9, 4*b = 5*a - 15. What is the units digit of a?
3
Suppose 2*g = -v + 57, 3*v + 1 = 16. What is the units digit of g?
6
Let b(l) = -l**3 + 2*l. Let z be b(-2). Suppose -f - f = 5*d - 20, -z*f = -d - 18. Let g = 6 - f. What is the units digit of g?
1
Suppose 0 = -c + 11 - 6. Suppose -4*r + 2*k - 2 = k, -r + c*k = 10. Suppose r*d - 4*d + 16 = 0. What is the units digit of d?
4
Suppose 4*q = -0*q - 172. Let m = 67 + q. Suppose 0*h - 12 = -l + h, -2*l - 4*h + m = 0. What is the units digit of l?
2
Suppose -132 = -4*y + 4*b, y - 2*b + 144 = 6*y. Let n = y + -13. What is the units digit of n?
7
Suppose 10*f - 27 = 7*f. Suppose 0 = 2*o + 2*o + 3*w - 17, -2*o - w = -f. What is the units digit of o?
5
Let z be (-2 - -1)*-21*-1. Suppose f - 2*h - 32 = 0, 3*f - 4*h - 12 = 86. Let d = z + f. What is the tens digit of d?
1
Let n(l) = 2 - 4 - 4*l + l**2 - l. Let h be n(6). Suppose -2*v = -h*v + 6. What is the units digit of v?
3
Suppose 3*r = -5*m - 219 - 435, 0 = 2*m + 6. Let k be (-2)/(-12) + r/(-18). What is the units digit of ((-4)/k)/((-1)/9)?
3
Suppose -4*d - 4 - 8 = -5*v, -4*d = 3*v - 20. Suppose 4*k + v = -0*k. What is the units digit of (k/(-3))/(5/60)?
4
Let x = -102 - -72. What is the units digit of ((-2)/3)/(2/x)?
0
Suppose -5*i + 120 - 29 = -4*h, 0 = -2*h - 4*i - 52. Let a = -15 - h. What is the units digit of a?
9
Suppose w = -11 - 6. Let a be w + (3 - 4) + 4. What is the units digit of (-164)/a + 2/7?
2
Let r(x) = 5*x**2 + 2*x + 2. Suppose -2*i = i + 6. What is the tens digit of r(i)?
1
Let m = 11 + -8. Suppose t - 3*b = 10, -t + b - 3*b = 0. Let j = t - m. What is the units digit of j?
1
Let g be (1 - 0) + 18/6. Suppose 3*l = -g*f + 137, -f + 200 = 6*l - 2*l. Suppose 0*h = -3*h + l. What is the tens digit of h?
1
Let h = 38 - 26. What is the units digit of h*(-2)/(6/(-1))?
4
Suppose -8 = -0*a + 4*a. Let n = a - -4. What is the units digit of 4 - (0 - (n + -2))?
4
Let c = 37 - -31. What is the tens digit of c?
6
Let y = 39 + -7. What is the tens digit of 520/y - 1/4?
1
Let g = -32 + 63. What is the tens digit of g?
3
Let d be ((-2)/2)/(3/18). Let l = 18 - d. What is the tens digit of l?
2
Suppose -3*z - 140 = -5*t + 2*z, 0 = 4*z + 4. What is the tens digit of t?
2
Suppose -r - 18 = 2*r. Let b be r/15 - (-13)/(-5). Let g = b - -5. What is the units digit of g?
2
Let p be (-42)/(-12) + (-2)/4. Let a = 8 + p. What is the units digit of a?
1
Let w(a) = 2*a + 3 + 2 - 1 - a. What is the units digit of w(8)?
2
Let c(o) = -o**3 + 7*o**2 - 4*o + 1. Let w be 6*1*(-50)/15. Let i be (-45)/(-25)*w/(-6). What is the tens digit of c(i)?
1
Suppose -2*d + 18 = d - g, 0 = -d - 4*g + 19. Let 